*w**2 + 3*w - 37*w**3. Calculate the remainder when i is divided by y(-1).
35
Let p = 175 + -170. Suppose -9*f - 71 = -4*u - 6*f, 0 = -3*u + p*f + 56. Let n(k) = 7*k**2 + 3. Calculate the remainder when n(3) is divided by u.
15
Let l(i) = 3*i + 34. Let v be l(-10). Suppose -167 - 535 = -v*a - d, -a = d - 177. Calculate the remainder when a is divided by 32.
15
Let t(b) = b**3 + 44*b**2 - 144*b - 86. Calculate the remainder when 435 is divided by t(-47).
50
Suppose 4*p + 32 = 5*q, -2*p + 5*q = 8 - 2. Calculate the remainder when (6/8)/(p/(-1508)) is divided by 8.
7
Let u = 193 + -173. Suppose 66 = y - 151. Calculate the remainder when y is divided by u.
17
Let h(z) = -z**2 - 44*z - 153. Calculate the remainder when h(-18) is divided by 98.
21
Let a be (-33)/7 - (-1)/(14/(-4)). What is the remainder when a/2*304/(-10) is divided by 32?
12
Let c = 4013 - 3049. Calculate the remainder when c is divided by 65.
54
Let j = -1777 + 1992. Calculate the remainder when 3214 is divided by j.
204
Suppose -5*q + 2*q = -2*r + 7, 4*q = r - 11. Let n(g) = 15*g - 7. Let h be n(q). Let s = h - -69. Calculate the remainder when 65 is divided by s.
14
Suppose 56*o + 4*m + 706 = 59*o, -5*m = o - 248. Calculate the remainder when 2393 is divided by o.
13
Let n = 113 + 379. Let i = n + -465. Calculate the remainder when 51 is divided by i.
24
Let w = -183 - -202. Suppose 7*p = w*p - 1092. Calculate the remainder when p is divided by 32.
27
Let z(s) = -2*s**2 - 197*s + 28. Calculate the remainder when z(-98) is divided by 33.
27
Suppose 0 = 70*p - 61*p - 1350. Calculate the remainder when 153 is divided by 10*(235/p - (-2)/(-12)).
13
Let p(w) = -8*w**2 + 236*w - 649. What is the remainder when 328 is divided by p(26)?
12
What is the remainder when 11 + 773 + (11 - 21) is divided by 19?
14
Let n = -115 + 172. Let g = n + -26. What is the remainder when g is divided by 1 - (1 + -3) - -14?
14
Let b(g) = -2*g**3 - 38*g**2 - 34*g + 40. Let z be b(-18). Suppose -5*o + 62 = a - 5, 0 = -a - z*o + 62. Calculate the remainder when 327 is divided by a.
33
Suppose s = 3*d + 29, 3*d - 64*s = -59*s - 25. Calculate the remainder when 110 is divided by d/45*-9 - -21.
18
Let a be 3/2*(-450)/(-15) - 2. Suppose -25*m + a*m - 108 = 0. Calculate the remainder when 55 is divided by m.
1
Suppose -3*o = -1366 + 250. Let t = o + -205. Suppose 3*z + 38 - 164 = 0. Calculate the remainder when t is divided by z.
41
Suppose 5*k + i = 21, -3*i - 1 - 12 = -4*k. Suppose -k*b - 125 + 209 = 0. Calculate the remainder when 57 is divided by b.
15
Let n(v) = 35*v + 210. Let t be n(-6). Suppose 12*i - 13*i + 7 = t. Calculate the remainder when i is divided by 2.
1
Let s be -5*5/(-50)*(0 + 34). Let t = 90 - s. What is the remainder when t is divided by 30?
13
Suppose -3*x + 83 = -2*x. Suppose -b + 75 = 2*z, -z - 954 = -2*b - 1019. Calculate the remainder when x is divided by z.
40
Suppose 5*q = 5*z + 45, 2 = -z - 3. Suppose -3*u + 563 - 198 = -c, 4*u + q*c = 508. Calculate the remainder when u is divided by 14.
11
Let m = -16036 - -16069. What is the remainder when 131 is divided by m?
32
Suppose 6*d + 4*d = 20. Let p(q) = q**3 + 2*q**2 - q + 87. Let k be p(0). Calculate the remainder when d*k*9/6 is divided by 53.
49
Calculate the remainder when 612/17 + 20 + -2 is divided by 16.
6
Suppose 0 = 2*z - 20 - 32. Suppose 107*b - 102*b - 3*j = 199, -5*j = -2*b + 72. Calculate the remainder when b is divided by z.
15
Suppose -428*n = 25*n - 37087 - 4907861. Calculate the remainder when n is divided by 21.
17
Let b be 0/(3 + -4 + 2). Let d(z) = -z**2 - 25*z + 286. Calculate the remainder when d(b) is divided by 18.
16
Let j = -128 + 191. Suppose -3*h = 12 + 15. What is the remainder when j is divided by ((-168)/(-35))/(h/(-30))?
15
Let y = 6802 - 6362. Calculate the remainder when y is divided by 115.
95
Let c(h) = 27*h**2 + h - 2. Suppose 16*x - 75 = 11*x + 5*r, -4*x + 5*r = -63. Calculate the remainder when c(1) is divided by x.
2
Let j = -526 - -529. What is the remainder when ((-411)/6)/(j/(-12)) is divided by 93?
88
Let d(u) = -398*u**2 - 4771*u + 126. Calculate the remainder when 583/3 + 3/(-9) is divided by d(-12).
62
Suppose 7 = -5*m + 32. Suppose -3*j + z = -2*j - 4, 0 = -m*j + 3*z + 22. Calculate the remainder when 26 is divided by j.
1
Let g = 22225 + -18975. Calculate the remainder when g is divided by 404.
18
Let n(i) = -6*i**2 + 320*i + 273. Suppose 4 = -3*s + 5*t, -3*s - 4*t + 18 = 2*s. Let l(v) = 54*v + 2. What is the remainder when l(s) is divided by n(54)?
53
Suppose -2*j + 6003 = 5*d, 4*j = -5*d - 0*j + 5991. Calculate the remainder when d is divided by 1192.
11
Let u = 6173 - 6126. What is the remainder when 87 is divided by u?
40
Suppose -108 = -2*w - 2*c + 522, 0 = -2*w - 3*c + 628. Calculate the remainder when w is divided by 29.
27
Suppose 8*y = 4*y - 336. Let o = -117 - y. Let s = -10 - o. What is the remainder when 159 is divided by s?
21
Let g = 4924 - 4874. What is the remainder when 184 is divided by g?
34
Suppose -69892 + 11506 = -6*o. What is the remainder when o is divided by 12?
11
Let w = -310 - -307. Calculate the remainder when 178 is divided by -3*20/18*w*2.
18
Suppose -263*t + 1392 = -205*t. Calculate the remainder when 8013 is divided by t.
21
Suppose 254 = 4*y - 78. Suppose -42 = -2*r - s, 5*r + 0*s - y = 3*s. What is the remainder when (2/(-5) + 72/80)*108 is divided by r?
16
Suppose -90503 = -73*f - 12466. What is the remainder when f is divided by 10?
9
Suppose -68*y + 771 = -589. What is the remainder when 339 is divided by y?
19
Suppose -13 - 53 = -4*w - q, 114 = 5*w - 4*q. Calculate the remainder when 3616 is divided by w.
16
Suppose -53*p + 18*p - 210 = 0. Calculate the remainder when (1 + p)/((-2)/10) is divided by 13.
12
Suppose 274*f = 277*f - 1368. Suppose -f = -145*o + 126*o. What is the remainder when 67 is divided by o?
19
Suppose -593*k = -528*k - 2080. Calculate the remainder when 3313 is divided by k.
17
Let f = -2 + 19. Let o = 82 + -74. Suppose -3*c = -o + 2, 4*d = -5*c + 138. What is the remainder when d is divided by f?
15
Suppose 0 = 37*n + 110*n - 142590. Calculate the remainder when n is divided by 25.
20
Suppose 239 = -8*q - 201. Let f = -35 - q. What is the remainder when 44 is divided by f?
4
Suppose -4*c = 4*s - 1084, -s + 1687 - 860 = 3*c. Calculate the remainder when c is divided by 12/2*(-10)/(-3).
18
Suppose 3*f + 5*x - 606 = 0, -5*x + 4*x = 3. What is the remainder when f is divided by (28/154 - 27787/(-1628)) + (-10)/8?
15
Let r be (-3 - 61/(-2))/((-1)/(-2)). Calculate the remainder when (22/r)/((0 + -2)/(-180)) is divided by -44*(15/(-15) - (-2)/4).
14
Suppose 2*a - 27 = -1. Suppose 8 = 2*l, v = -v - 3*l + 192. What is the remainder when v is divided by a?
12
Suppose 0 = -19*v + 78 - 2. Suppose -18*p + 98 = -13*p - 4*b, -5*b + 62 = v*p. What is the remainder when 66 is divided by p?
12
Let v = 320 - 324. Suppose 15 = 5*y, s - y - 16 = 7. What is the remainder when (-20)/v - (-4 + -92) is divided by s?
23
Suppose -2052*p - 1788 = -x - 2050*p, 3 = -p. What is the remainder when x is divided by 37?
6
Let p = -5012 + 5084. What is the remainder when 215 is divided by p?
71
Let q(m) = -m**3 - 6*m**2 + 13*m + 63. Let z be q(-8). Suppose 0 = -z*a + 83*a + 1708. Calculate the remainder when a is divided by 43.
40
Suppose 2*f = -0*f + 2*s + 216, f + 3*s = 112. Suppose 5*v - 51 = f. Suppose 1193 + 204 = 91*g - 80*g. Calculate the remainder when g is divided by v.
31
Suppose 0 = 8*w - 0*w - 160. Let n be (-816)/(-27) - 2/9. Suppose -18*u = -w*u + n. Calculate the remainder when 26 is divided by u.
11
Suppose 0 = -145*b + 136*b - 36. Let q = 23 + -11. Calculate the remainder when q is divided by -12*(b + 88/24).
0
Let i = 42 + -48. Let a(z) = 2 + 1 - 3 - 6 + 10*z + 3*z**2. Calculate the remainder when a(i) is divided by 11.
9
Let t = 193 - 108. Let k = t + -73. Calculate the remainder when 17 is divided by k.
5
Suppose 5*q + r = 645, -6*r + 500 = 4*q - 2*r. What is the remainder when q is divided by 67?
63
Suppose -50*p - 33*p = -25*p - 27666. What is the remainder when p is divided by 375?
102
Let n(r) = r. Let s be n(22). Suppose 10 - s = -4*f. Suppose -2*q + 10 = f*p, -3*p = -p + 3*q. What is the remainder when 22 is divided by p?
4
Let g be (